f 405 and 72?
9
Calculate the greatest common factor of 2431 and 51.
17
Calculate the highest common divisor of 121 and 88.
11
Calculate the greatest common factor of 92 and 276.
92
Calculate the greatest common factor of 380 and 323.
19
Calculate the highest common divisor of 53 and 8427.
53
Calculate the highest common divisor of 154 and 38654.
154
Calculate the highest common divisor of 1027 and 5056.
79
Calculate the greatest common divisor of 24 and 15.
3
Calculate the highest common divisor of 141 and 235.
47
Calculate the highest common divisor of 156 and 336.
12
Calculate the highest common factor of 133 and 95.
19
Calculate the highest common divisor of 115 and 299.
23
Calculate the highest common divisor of 2580 and 60.
60
Calculate the highest common factor of 1881 and 855.
171
Calculate the greatest common factor of 82 and 738.
82
What is the greatest common divisor of 52 and 234?
26
What is the greatest common divisor of 120 and 96?
24
What is the greatest common divisor of 84 and 231?
21
Calculate the highest common factor of 15 and 30.
15
Calculate the greatest common factor of 632 and 711.
79
What is the greatest common divisor of 1813 and 49?
49
What is the greatest common factor of 4 and 64?
4
Calculate the greatest common factor of 1496 and 442.
34
Calculate the greatest common divisor of 338 and 13.
13
What is the highest common factor of 4 and 102?
2
What is the highest common divisor of 612 and 17?
17
What is the highest common divisor of 195 and 923?
13
What is the greatest common factor of 558 and 927?
9
What is the greatest common factor of 4050 and 200?
50
Calculate the greatest common factor of 4606 and 196.
98
Calculate the highest common factor of 119 and 51.
17
Calculate the highest common divisor of 52 and 52.
52
What is the highest common divisor of 1624 and 1792?
56
Calculate the highest common divisor of 16 and 1648.
16
Calculate the highest common divisor of 486 and 6.
6
Calculate the greatest common divisor of 33 and 1419.
33
What is the highest common divisor of 868 and 155?
31
Calculate the highest common divisor of 10 and 1030.
10
What is the greatest common divisor of 363 and 99?
33
Calculate the greatest common factor of 725 and 50.
25
Calculate the highest common factor of 7260 and 780.
60
What is the greatest common divisor of 16 and 88?
8
What is the greatest common divisor of 10 and 2110?
10
Calculate the highest common factor of 20 and 340.
20
Calculate the greatest common divisor of 35 and 2065.
35
What is the highest common factor of 20736 and 162?
162
Calculate the highest common divisor of 37 and 703.
37
What is the highest common divisor of 3277 and 5085?
113
What is the greatest common divisor of 504 and 5376?
168
What is the highest common divisor of 6399 and 79?
79
What is the highest common factor of 85102 and 34?
34
Calculate the greatest common factor of 26 and 169.
13
Calculate the highest common divisor of 72 and 684.
36
Calculate the highest common divisor of 51 and 9860.
17
What is the highest common divisor of 36 and 1260?
36
Calculate the highest common factor of 63 and 119.
7
What is the highest common divisor of 140 and 30?
10
What is the highest common divisor of 95 and 7676?
19
What is the highest common factor of 8520 and 240?
120
What is the highest common factor of 308 and 627?
11
What is the greatest common divisor of 280 and 2120?
40
Calculate the highest common factor of 816 and 238.
34
What is the highest common factor of 126 and 9513?
63
Calculate the highest common divisor of 291 and 24.
3
Calculate the greatest common divisor of 666 and 36.
18
Calculate the highest common factor of 60 and 4020.
60
What is the greatest common factor of 222 and 333?
111
Calculate the greatest common divisor of 40 and 440.
40
What is the greatest common divisor of 99 and 22?
11
What is the greatest common divisor of 10 and 7810?
10
What is the highest common factor of 1569 and 24?
3
What is the highest common divisor of 2235 and 15?
15
Calculate the greatest common factor of 1737 and 18.
9
What is the greatest common factor of 1 and 3163?
1
Calculate the greatest common factor of 909 and 101.
101
What is the greatest common divisor of 561 and 51?
51
What is the highest common factor of 30 and 660?
30
Calculate the greatest common factor of 8 and 1094.
2
Calculate the greatest common factor of 166 and 14940.
166
Calculate the greatest common divisor of 4686 and 528.
66
What is the highest common divisor of 54 and 39?
3
What is the highest common factor of 470 and 8742?
94
What is the greatest common factor of 68498 and 58?
58
Calculate the greatest common divisor of 27995 and 55.
55
Calculate the highest common divisor of 131604 and 132.
132
Calculate the greatest common divisor of 172 and 6923.
43
Calculate the highest common factor of 48 and 204.
12
Calculate the greatest common factor of 364 and 38402.
182
What is the greatest common divisor of 4 and 10?
2
What is the highest common divisor of 22005 and 135?
135
Calculate the greatest common divisor of 18 and 93.
3
What is the highest common divisor of 513 and 209?
19
What is the highest common factor of 329 and 21?
7
What is the greatest common divisor of 1430 and 44?
22
Calculate the greatest common factor of 567 and 21.
21
What is the highest common factor of 8077 and 82?
41
What is the highest common factor of 3340 and 140?
20
What is the greatest common factor of 512 and 24?
8
What is the highest common factor of 4 and 132?
4
What is the highest common factor of 70 and 19670?
70
What is the greatest common factor of 299 and 91?
13
What is the greatest common divisor of 40 and 1730?
10
What is the greatest common factor of 208 and 1088?
16
Calculate the greatest common factor of 79578 and 18.
18
What is the greatest common divisor of 765 and 425?
85
What is the greatest common factor of 12 and 15072?
12
Calculate the highest common factor of 6912 and 512.
256
Calculate the highest common factor of 840 and 231.
21
What is the highest common divisor of 108 and 16?
4
Calculate the greatest common factor of 76 and 38.
38
What is the greatest common divisor of 259 and 814?
37
Calculate the greatest common factor of 1686 and 12.
6
What is the highest common factor of 3 and 303?
3
Calculate the highest common divisor of 286 and 26.
26
Calculate the greatest common factor of 104 and 200.
8
Calculate the greatest common factor of 444 and 12.
12
What is the greatest common factor of 10 and 2230?
10
Calculate the highest common factor of 36 and 60.
12
What is the greatest common divisor of 11685 and 246?
123
Calculate the highest common factor of 2044 and 140.
28
Calculate the highest common divisor of 7878 and 156.
78
What is the greatest common divisor of 7 and 588?
7
What is the greatest common factor of 165 and 85?
5
Calculate the highest common divisor of 1326 and 918.
102
Calculate the highest common divisor of 20 and 142.
2
What is the highest common divisor of 2202 and 30?
6
Calculate the highest common divisor of 63 and 99.
9
Calculate the greatest common divisor of 289 and 442.
17
Calculate the highest common factor of 114 and 57.
57
What is the highest common divisor of 5876 and 208?
52
Calculate the highest common factor of 95 and 247.
19
Calculate the highest common divisor of 50 and 5325.
25
Calculate the greatest common divisor of 1296 and 192.
48
What is the greatest common factor of 9 and 63?
9
What is the greatest common divisor of 13 and 41?
1
Calculate the greatest common divisor of 13 and 7709.
13
Calculate the highest common divisor of 68 and 170.
34
Calculate the greatest common factor of 476 and 68.
68
Calculate the highest common factor of 51 and 3383.
17
What is the greatest common factor of 66 and 6666?
66
What is the greatest common divisor of 7278 and 24?
6
What is the highest common divisor of 33 and 1473?
3
Calculate the highest common divisor of 417 and 39.
3
Calculate the highest common factor of 42 and 15162.
42
What is the highest common divisor of 896 and 42?
14
Calculate the greatest common factor of 52 and 1004.
4
What is the highest common factor of 176 and 16?
16
What is the greatest common divisor of 81 and 12528?
27
What is the highest common factor of 19 and 1273?
19
Calculate the greatest commo